.
2
Suppose h + h - 44 = 0. Let s = -1347 - -1389. What is the remainder when s is divided by h?
20
Calculate the remainder when (-56)/(-32)*(-3 + (221 - -2)) is divided by 17.
11
Calculate the remainder when (1 + 1)/(5 - 4) - -441 is divided by 64.
59
Suppose 0 = -3*f - 4*k + 107, -5*f + 0*f + 183 = 2*k. Suppose -15 = -13*y + f. Let j = 5 + -2. What is the remainder when y is divided by j?
1
Suppose -52 = -3*c + 2. What is the remainder when 283 is divided by c?
13
Let t(o) be the second derivative of -o**5/20 - o**4/6 + o**3/2 - 2*o**2 - 6*o. Let p be t(-3). What is the remainder when 37 is divided by 117/6*p/(-6)?
11
Let x(l) = -l + 52. Calculate the remainder when x(24) is divided by 10.
8
Suppose -4*c + 4*b = c - 19, 4*b + 4 = 0. Suppose 0 = -c*s + 2 + 19. Let o(a) = -a**2 + a + 26. Calculate the remainder when o(0) is divided by s.
5
Let f(w) = w**2 - 4*w - 6. Let x be f(4). Calculate the remainder when 60 is divided by (52/x)/(28/(-42)) + 3.
12
Let j = -84 + -38. Let k = -63 - j. Calculate the remainder when k is divided by 12.
11
Let c = -11 - -28. Let z = 318 + -312. What is the remainder when c is divided by z?
5
Let g(j) be the first derivative of j**3/3 + j**2/2 - j + 66. Let r(h) = h**3 - h + 5. Let x be r(0). What is the remainder when g(x) is divided by 15?
14
Suppose -4*c + 903 = 3*d, -c - 20*d + 228 = -17*d. Calculate the remainder when c is divided by 47.
37
Let k = -91 + 94. Calculate the remainder when (-532)/(-3) + (-1)/k is divided by 45.
42
Let y = 92 + -74. Calculate the remainder when 25 is divided by y.
7
Suppose -2*b - 7 = -1. What is the remainder when 108 is divided by (-2 + 5)/(2/(-44)*b)?
20
Suppose k - 20 = 4*b, -3*b - 4 = 2*k - 0*b. Suppose 31 = -k*z + 187. Calculate the remainder when z/3*(-3 - -4) is divided by 5.
3
Let d(t) = -36*t - 146. What is the remainder when d(-9) is divided by 51?
25
Let s = -1091 + 1413. Calculate the remainder when s is divided by 35.
7
Let r = -565 + 636. Let h be (16/(-3))/(4/(-18)). Suppose 0 = 3*j - 2*j - h. Calculate the remainder when r is divided by j.
23
Suppose 224 = 19*k - 859. Calculate the remainder when k is divided by 10.
7
Suppose -2*f = d - 6*f - 160, 3*d - 2*f = 460. Suppose 0 = 3*y - y - d. What is the remainder when y is divided by (-8)/(-20)*(-2 + (-335)/(-5))?
24
Calculate the remainder when 171 is divided by (24/20)/(24/880).
39
Suppose -4*w = -4, 5*s + w - 141 = -0*s. Suppose -z + 57 = 3*z + m, -2*z + 2*m + 36 = 0. Calculate the remainder when s is divided by z.
13
Let z be 45 + -2 + -2 + 1. Suppose -b + z = b. Suppose 29 = -4*n + 273. What is the remainder when n is divided by b?
19
Let w = -781 - -803. Calculate the remainder when 169 is divided by w.
15
Let j = 495 + -345. Let g(m) = m**3 - 6*m**2 + 14*m - 33. Calculate the remainder when j is divided by g(6).
48
Suppose -110 = -5*j - 0*j. Suppose 12*k = -k + 845. Calculate the remainder when k is divided by j.
21
Suppose 11*c = 8*c - 6, -y + 20 = 4*c. What is the remainder when 81 is divided by y?
25
Let w(t) = t - 5. Let k = 3 + 1. Suppose k*o - 192 - 56 = 0. What is the remainder when o is divided by w(21)?
14
Suppose 2*o - 1482 = -5*r, 2*r + 49 - 641 = -o. Calculate the remainder when r is divided by 50.
48
Suppose -40*u + 135 + 265 = 0. Calculate the remainder when 136 is divided by u.
6
Let x(n) = -12*n - 27. Let y be x(-7). Let r = y + -44. What is the remainder when r is divided by 7?
6
Let w = 229 - 129. Let a = w + -50. Calculate the remainder when 98 is divided by a.
48
Suppose -2*m = -v + 80, 266*v + 160 = 268*v + 2*m. What is the remainder when v is divided by (-27)/((1 - 1) + -1)?
26
Suppose 4*b = 2*b + 8. Suppose 0 = -2*k + 5*s, -18 = -b*k - 0*k + s. Calculate the remainder when 11 is divided by k.
1
Let f(y) = 20*y**2 - 16*y + 4. What is the remainder when 150 is divided by f(2)?
46
Let l(v) = 2*v**2 - 13*v + 37. What is the remainder when 70 is divided by l(3)?
6
Suppose 4*b = -a + 4*a - 85, -4*b = 4. Let o(r) = -6*r + 381. What is the remainder when o(55) is divided by a?
24
Suppose 4*h + 305 - 925 = -4*n, 0 = h + 4. Let w = -83 + n. Suppose 13 - w = -3*t. Calculate the remainder when 40 is divided by t.
19
Let w = 31 + 66. Let d = w - 30. Calculate the remainder when d is divided by 10.
7
Let k(y) be the first derivative of y**3/3 + 9*y**2 - 30*y - 36. What is the remainder when 157 is divided by k(-20)?
7
Let g be 21*(-1)/(2 + -3). Suppose g = 4*k + 9. What is the remainder when k is divided by 2?
1
Let k(c) = 2*c**3 - 2*c**2 - 2*c. Let p be k(2). Calculate the remainder when 13 is divided by ((-40)/(-30))/(p/6).
1
What is the remainder when 22 is divided by (-5)/((-20)/(-48))*(4 + -5)?
10
Let r(l) = 2*l**3 + l**3 - 4*l + 3*l**3 + 2*l**2 + 3 - 5*l**3. What is the remainder when (-13 - (-29 + 13))*(-40)/(-6) is divided by r(2)?
9
Suppose -12 + 60 = w + a, 0 = -w + 3*a + 52. Calculate the remainder when 143 is divided by w.
45
Let f = 52 + -39. What is the remainder when 335 is divided by f?
10
Let g = 293 - 211. Calculate the remainder when 233 is divided by g.
69
Let x be 1910/(-4)*48/(-60). Calculate the remainder when 221 is divided by (-3)/(-18) - x/(-12).
29
Let o(g) be the third derivative of -g**6/120 + g**5/20 + g**4/8 + 3*g**3/2 - 2*g**2. Calculate the remainder when o(4) is divided by 3*(4/6 + 0).
1
Let c(d) = -d**2 + 21*d - 22. Let p be c(16). Suppose 5*f + p = h, -323 = -4*h - 4*f + 29. What is the remainder when h is divided by 42?
41
Suppose 0 = 4*g + 12, -o = -4*g + 6*g - 37. Calculate the remainder when o is divided by 9.
7
Let k(a) = -a**3 - 2*a**2 + a + 4. Let b be k(-2). Suppose 2*y - 6 = b. Let o(s) = -s**3 + 3*s**2 + s. What is the remainder when y is divided by o(3)?
1
Let r = 4 + -12. Let y = r - -10. Suppose y*w + w - 33 = 0. Calculate the remainder when 53 is divided by w.
9
Let g(z) = -z**3 + 8*z**2 - 5*z. Let v be g(7). Suppose 0 = 2*m - 2*q - 22, m - 2*q - 1 - v = 0. What is the remainder when 13 is divided by m?
6
Suppose 0 = -5*m + 5, 2*j - 4*m = 5*j - 49. Suppose -j = -n + 2*i, -16 = -2*n - 2*i + 32. Calculate the remainder when n is divided by 12.
9
Let a be (-1985)/35 - (-2)/(-7). Let j = 96 + a. What is the remainder when j is divided by (20/6)/(1/6)?
19
Suppose -9*c + 5*c + 12 = 0. Suppose -c*j + g + 28 = 0, 5*g - 32 = -4*j + 37. What is the remainder when 16 is divided by j?
5
Let m be (-3 + 33/6)*2. Let h = 8 - m. Let l = h + 42. Calculate the remainder when l is divided by 12.
9
Let f = 511 + -507. Let j(g) = 2*g - 6. Calculate the remainder when j(6) is divided by f.
2
Calculate the remainder when (1 - (1 - 5))*11 is divided by 20.
15
Let h = 71 + -36. Suppose -3*z + 25 = -5*s, z - 5*z + h = -5*s. Let v = z + 0. What is the remainder when 37 is divided by v?
7
Suppose 34 = 3*z - 128. Calculate the remainder when z is divided by 11.
10
Suppose 6*p - 2*p - 48 = 0. Let c be 18/8 - (-9)/(-36). Let d = c + 19. Calculate the remainder when d is divided by p.
9
Suppose -4*v + 7 = -1. Suppose v*c = -c + 291. Calculate the remainder when c is divided by ((-10)/8)/(4/(-80)).
22
Suppose 4*z - 4 = -4*d, z - 2*d - 3 = -d. Let s(w) = -w**2 + 2*w. Let u be s(z). Suppose 5*y = -u*y + 30. What is the remainder when 17 is divided by y?
5
Let w = -49 + 51. Suppose -61 - 52 = -w*f + 5*g, 2*g = 2*f - 116. What is the remainder when f is divided by 15?
14
Let b = -11 - -14. Suppose -b*u = 3*n + 2*n - 75, 61 = 2*n - 5*u. Suppose 2*t - 5*t = -210. Calculate the remainder when t is divided by n.
16
Let b(t) = -2*t**3 + 22*t**2 + 5*t + 12. Calculate the remainder when 335 is divided by b(11).
0
Suppose -191*w = -197*w + 606. Calculate the remainder when w is divided by 4.
1
Let d = -2308 - -3039. Calculate the remainder when d is divided by 122.
121
Let t(w) = -w + 1 - 2*w**2 - 5*w**2 + 5*w**2 + 0*w**3 + 4*w**3. Let m be t(-1). Calculate the remainder when 342/m*26/(-39) is divided by 15.
12
Let o be 5/(-5) + (1 - 0). Let l be 14 - (1 + 1 - o). Calculate the remainder when (-49)/(-2) + 6/l is divided by 13.
12
Suppose -u + 4 + 4 = -4*t, 2*u - 10 = 2*t. Let a = -234 + 265. Calculate the remainder when a is divided by u.
3
Let b(f) = -f - 2. Let q be b(-2). Let w(x) be the first derivative of x**3/3 - x**2/2 + 17*x + 7. Calculate the remainder when 65 is divided by w(q).
